-1
Let s(p) = -23 + 5*p - p + 22 - 3*p. Let n(h) = h**3 - 4*h**2 - 6*h - 1. Let f be n(5). Determine s(f).
-7
Suppose 4*c - 4 = 8. Let p(r) = -4 + 3 + 0 - 2*r + 8*r**c. Suppose 11 = 5*j - i - 3*i, -i = -2*j + 2. Calculate p(j).
-7
Let v(m) = m**3 + 4*m**2 - 3*m + 5. Let b(p) = p**2 - 21. Let r be b(-4). Calculate v(r).
-5
Let z(m) = 2*m - 7. Let g(j) = j - 2. Let v be g(7). Calculate z(v).
3
Let l(s) be the second derivative of -s**3/6 - s**2/2 + 4*s. What is l(3)?
-4
Let l(k) = -19*k**2 + 35*k - 5. Let q(n) = -7*n**2 + 12*n - 2. Let b(a) = -4*l(a) + 11*q(a). Determine b(-7).
5
Let i be -5*4/100 + (-1)/(-5). Let t(y) be the third derivative of -1/8*y**4 + 1/20*y**5 + i + y**2 - 1/120*y**6 + 0*y + 0*y**3. What is t(2)?
-2
Let q(z) = z**2 - 7*z + 6. Suppose -o + 48 = 43. What is q(o)?
-4
Let i(o) be the first derivative of -o**4/4 - o**3 + o**2 - 2*o + 4. Calculate i(-4).
6
Let c be ((-3)/9)/(1/(-9)). Let n(y) = y + 2*y - y - c*y - 1. Calculate n(4).
-5
Let t(s) = s**2 + 2*s. Let u be 0 + 2 + (3 - 2). Let l = 8 - 7. Suppose l = j + u. Calculate t(j).
0
Let t(v) be the second derivative of -v**4/12 - 5*v**3/6 - v**2/2 + v. Let d = -11 + 15. Suppose u = -d*u - 20. What is t(u)?
3
Let w = 11 + -7. Let a(i) be the second derivative of -i**5/20 + 5*i**4/12 - 2*i**3/3 - i**2/2 - 3*i. What is a(w)?
-1
Suppose -4*v - 407 = -383. Let u(y) = -y**2 - 2*y - 13. Let l(g) = -3*g**2 - 7*g - 38. Let z(h) = -6*l(h) + 17*u(h). What is z(v)?
-5
Let j(s) = s + 6. Let y(a) = -a**3 - 7*a**2 - 5*a. Suppose -7*k = -3*k + 24. Let q be y(k). Let n be j(q). Let o(u) = u**3 + u**2 + 2. Calculate o(n).
2
Let d(a) be the second derivative of a**3/3 + 3*a**2/2 + 4*a. Calculate d(-2).
-1
Let h(u) = 6*u + u**3 - 10 - 11 + 6*u**2 + 19 - 2*u. Suppose -5*l = -5*f - 15, -4*f - 18 = -4*l + 3*l. Determine h(f).
3
Let b(z) = -z**2 + 2*z + 3. Suppose 5*j + 8*v + 5 = 3*v, j = 4*v - 16. Give b(j).
-21
Let r be (-6)/(-2 - -1) + 2. Let p(s) = 1 + 0 + s**2 + r*s**2 - 3*s**2 + s. What is p(-1)?
6
Let n(k) be the first derivative of 2*k**3 + k**2/2 - k - 3. Give n(1).
6
Suppose 0 = 6*d - d - 35. Let u = d + -9. Let b be (u/(-3))/(2/(-9)). Let j(f) = 3*f. Give j(b).
-9
Let p(v) = -v + 1. Let s be p(-3). Suppose -d - 15 = -3*b, -s*b + 3*d + 30 = 10. Let f(m) = -m**3 + 4*m**2 + 6*m - 3. Calculate f(b).
2
Let d(y) = y**3 + 4*y**2 + 4*y + 6. Let o = 16 - 30. Let n = o - -10. What is d(n)?
-10
Let g = -4 - -3. Let h be 3*g/(-3)*-1. Let w(l) be the first derivative of l**2 + 1. Give w(h).
-2
Let i(k) = k + 2. Suppose -5*q + 4*w - 6 = -4, w = -2. Let m = q - 1. Determine i(m).
-1
Let t(o) = -o**3 - 4*o**2 + 2*o - 4. Let z = -9 + 5. Determine t(z).
-12
Let u(d) = -d - 3. Let x(m) = -2*m**2 + 3*m - 6. Let p be x(2). Calculate u(p).
5
Let v(m) = -m + 1. Suppose -5*i = 2*k - 17, -i - 2*i = -3*k - 27. Let c be v(k). Suppose -4*t - c*g + 15 = -3, -g + 6 = 2*t. Let s(d) = d. Determine s(t).
2
Let o(t) = t**2 + 12*t + 7. Suppose -16 = 4*x + 4*p, 11 = -4*p - 9. Let s(l) = l + 1. Let j(n) = x*o(n) - 5*s(n). Calculate j(-6).
-4
Let a(y) = -y**2 + y + 2. Let c = 16 - 8. Let u = c - 5. Let g be a(u). Let r(i) = -i**3 - 3*i**2 + 4*i + 1. Determine r(g).
1
Let p(g) = -g**3 + 4*g**2 - g. Suppose 4*y = 5*c + 3 + 18, -11 = -2*y + 3*c. Determine p(y).
-4
Let t(g) be the first derivative of 15*g**2/2 + g - 38. What is t(-1)?
-14
Let w(a) = 3*a - 7. Let b(q) = 2*q - 4. Let f(v) = 5*b(v) - 3*w(v). What is f(-1)?
0
Let d(j) be the third derivative of 0 - 8*j**2 + 0*j + 1/24*j**4 + 1/20*j**5 + 1/3*j**3. Calculate d(2).
16
Let s = -40 - -38. Let y(d) be the third derivative of -d**6/120 - d**5/20 + d**4/8 + d**3/6 + d**2. Determine y(s).
-9
Let a(t) = t - 3. Let l = -31 + 35. Calculate a(l).
1
Let r(p) = p**3 + p**2 + 6. Let q = -13 - -13. Calculate r(q).
6
Let r be -4*2/(-16)*-4. Let j(c) = -4*c - 2. Determine j(r).
6
Let q be 9/(-30)*5/(-6). Let a(z) be the first derivative of -4/3*z**3 - 2*z - q*z**4 + 3*z**2 - 2. Calculate a(-5).
-7
Let w(u) = u + 9. Let z be w(-4). Let i(j) = -123*j**2 - 5*j - 2 + 245*j**2 - 121*j**2. Calculate i(z).
-2
Let r(v) be the second derivative of v**3/3 - 3*v**2/2 - 4*v. Give r(4).
5
Let k be (3 + (-20)/8)*10. Suppose k*x - 9 = 21. Let y(f) = f + 2. What is y(x)?
8
Suppose 5*h + 3*l = 7*l - 2, 2*h - 10 = -2*l. Let v(o) = -5*o + h + 4*o - 11. Let c be -3 + (-2)/(-2) + -4. Calculate v(c).
-3
Let h(r) = -4*r**3 + 2*r**2 - 2*r. Let o be h(1). Let t(f) = f**3 + 4*f**2 - 2*f - 5. Determine t(o).
3
Suppose 0 = -x + f + 4, x + 0*f + 2 = -5*f. Let s(y) = 3*y**x + y**3 + 2 - y**2 - 3*y**3. What is s(2)?
6
Let v(q) = q**3 - q**2 + 3*q - 6. Let b be v(0). Let x(a) = 5*a**2 - 3*a + 0*a**2 - 6 + a**3 - 2*a. Give x(b).
-12
Let c(n) be the third derivative of n**5/15 + n**4/12 - n**3/6 - 4*n**2. Calculate c(1).
5
Let p be ((-4)/7)/((-8)/28). Let q(g) = -g**2 - 6*g + p + 0*g**2 - 1. Calculate q(-5).
6
Let t(r) be the first derivative of -r**2/2 - 2*r - 32. Determine t(-5).
3
Let u = 10 - 8. Let j(b) = -b**2 - 3*b + u + 7*b - 8*b. What is j(-4)?
2
Suppose -5*s = 2*s - 14. Let d(v) = -v**3 + v**2 + v + 1. Determine d(s).
-1
Let z(p) = 1 - 10*p**3 - 2*p**2 + 4*p**2 - 2*p + 2*p**2 - 2*p**2. Calculate z(1).
-9
Let j(v) = -v**2 - 5*v - 4. Let t be -1 + -6 + -8 + 11. Determine j(t).
0
Let w(i) be the third derivative of -i**4/8 + i**3/6 + i**2. Suppose 3*g + 18 + 5 = 5*n, -20 = -5*n. Calculate w(g).
4
Let o(n) be the first derivative of n**2/2 - 3*n - 45. Let z be (-1 - -3)/((-1)/2). Give o(z).
-7
Let i(c) = -c**3 + 7*c**2 - 7*c + 8. Let p be ((-2)/3)/((-2)/45). Suppose p = 2*h + 3*j, -j - 4 = -5*j. Give i(h).
2
Let l(w) = 4*w - 1. Suppose 0 = -4*j - 0*j - 8. Let y(q) = 4*q - 1. Let g(n) = j*l(n) + 3*y(n). Calculate g(-2).
-9
Let v be 27/(-6) - 2/4. Let t(i) = -i - 3. Let n be t(v). Let g = 1 - n. Let j(l) = l**2. What is j(g)?
1
Let j(g) = g**3 - 8*g**2 - g + 10. Let q be j(8). Let a(o) = 2*o + q*o + 2*o - 7*o. Give a(1).
-1
Let r(i) = -2*i**2 - 2*i + 1. Suppose 2*x - 17 + 9 = 0. Suppose -x = -s - 3*s. What is r(s)?
-3
Let b(c) = -10*c + 6. Let h(t) = -19*t + 12. Let u(p) = -11*b(p) + 6*h(p). What is u(4)?
-10
Let c(g) = g**2 - 6*g - 3. Suppose 3*h + 14 = h. Let m = 4 + h. Let y be (10/m)/(8/(-12)). Calculate c(y).
-8
Let d(s) = -6*s + 9. Let p be 1/(-2 - -2 - -1). Suppose 2 + p = t. Let j(a) = 5*a - 8. Let o(z) = t*d(z) + 4*j(z). Determine o(5).
5
Let g(a) = 4*a + a**2 - 3 + 1 + 6 - 5*a. Calculate g(0).
4
Let o(z) be the third derivative of 0*z + 6*z**2 + 5/6*z**3 + 0*z**4 + 0 + 1/120*z**6 + 1/15*z**5. Give o(-4).
5
Let k(j) be the second derivative of j**4/12 - j**3 + 3*j**2/2 - 6*j. What is k(6)?
3
Let a(j) be the second derivative of -j**4/12 + 5*j**3/6 + 7*j**2/2 + 13*j. Determine a(5).
7
Let p(i) = i + 9. Let x(m) = m**2 - 14*m + 18. Let g be x(12). Determine p(g).
3
Let g = -4 + 4. Let q(p) be the second derivative of 0 - 1/6*p**3 + 2*p + g*p**2. Determine q(5).
-5
Let b(t) = -t - 1. Let z be b(5). Let x(s) = 7*s + 5. Let g(c) = 8*c + 5. Let i(d) = 5*g(d) - 6*x(d). Give i(z).
7
Suppose -9*b = 62 - 8. Let c = -1 + 3. Let n(k) = k**c - 2 - 3 + 2 + 7*k. What is n(b)?
-9
Suppose 0 - 1 = -j. Let d(v) = v - 1. Let f be d(2). Let y(t) = 11*t - 8*t + f + 0. Calculate y(j).
4
Let q(z) = -z**3 + 3*z**2 + 3*z - 3. Suppose 2*d - 3 = 7. Suppose -p + d = -15. Suppose 2*k - p = -3*k. Determine q(k).
-7
Suppose 2*l = 5*g - 6, -5*g - 3*l + 6*l + 4 = 0. Let s = g - 5. Let w(t) = t**3 + 5*t**2 + 2*t - 2. Determine w(s).
10
Let h(q) be the second derivative of q**4/12 - q**3/3 + q**2/2 + 6*q. Determine h(3).
4
Let w(l) = 2*l + 1. Let i be w(1). Let n = -1 - -1. Suppose n = -i*d + 4*d - 3. Let t(v) = -v**2 + 4*v + 1. What is t(d)?
4
Let w(o) be the first derivative of o**5/30 - o**4/24 - o**3/6 - o**2 + 1. Let y(l) be the second derivative of w(l). Give y(2).
5
Let c(i) be the first derivative of i + i**2 + 0*i**3 + 10 + 7/2*i**4. Determine c(-1).
-15
Let s(d) = -d**3 + d**2 + d. Let x(j) = 6*j**3 - 4*j**2 - 4*j. Let f(n) = -12*s(n) - 3*x(n). Suppose v + 4*v + 10 = 0. Let q be v/8 + 3/(-4). Give f(q).
6
Let t(q) = q - 7. Let b = 39 + -31. Give t(b).
1
Let l(x) = x**3 - 2*x**2 - 2*x + 2. Let t be 1/(-4) + (-27)/(-12). Determine l(t).
-2
Suppose -3*u + u + 2 = 0. Let j(o) = -o**2 - o - 1. Let g(k) = 6*k + 8 + 3*k**2 - k**2 + k